{"id":21,"date":"2019-08-31T15:42:29","date_gmt":"2019-08-31T13:42:29","guid":{"rendered":"http:\/\/bvcdorl.cluster021.hosting.ovh.net\/?page_id=21"},"modified":"2020-05-12T09:17:44","modified_gmt":"2020-05-12T07:17:44","slug":"quelles-sont-nos-actions","status":"publish","type":"page","link":"http:\/\/passerellesdespossibles.org\/?page_id=21","title":{"rendered":"Quelles sont nos actions ?"},"content":{"rendered":"\n<p class=\"has-regular-font-size\"><strong>L\u2019association entend :<\/strong><\/p>\n\n\n\n<ul class=\"wp-block-list\"><li><strong>Informer et sensibiliser tous les publics<\/strong>, notamment lors d\u2019\u00e9v\u00e9nements culturels, conf\u00e9rences, caf\u00e9s info, ateliers d\u2019initiation, etc.<\/li><li><strong> Exp\u00e9rimenter, d\u00e9velopper et transmettre<\/strong> des approches et des outils de communication et de m\u00e9diation, adapt\u00e9s \u00e0 diff\u00e9rents milieux \u2013 familial, scolaire, m\u00e9dico-social, associatif, professionnel, de l\u2019entreprise, des collectivit\u00e9s territoriales, etc &#8211; notamment par des actions \u00e9ducatives, des ateliers, stages et formations, etc. <\/li><li> <strong>Inspirer et soutenir une dynamique d\u2019\u00e9change et d\u2019entraide<\/strong> au sein de r\u00e9seaux de pratique autonomes ; susciter des vocations, inspirer et soutenir de nouvelles initiatives.<\/li><\/ul>\n\n\n\n<p class=\"has-regular-font-size\"><strong>Passerelles des Possibles organise et coordonne pour cela des :<\/strong><\/p>\n\n\n\n<ul class=\"wp-block-list\"><li> <strong>Initiations <\/strong><\/li><li> <strong>Formations <\/strong>courtes et longues<\/li><li> <strong>Groupes <\/strong>d\u2019\u00e9changes, de pratique et d\u2019entraide mutuelle <\/li><li> <strong>M\u00e9diations <\/strong><\/li><li> <strong>Accompagnement <\/strong>individuel ou collectif sur mesure<\/li><\/ul>\n\n\n\n<p style=\"font-size:-1px\" class=\"has-text-color has-background has-very-light-gray-color has-luminous-vivid-orange-background-color\">Vous souhaitez vous initier ? Participer \u00e0 une formation ? Organiser une initiation aux outils de la communication dans votre structure ? Que la communication bienveillante soit pr\u00e9sent\u00e9e dans le cadre d\u2019un \u00e9v\u00e9nement que vous organisez ? <br><strong>Contactez-nous au 06 03 16 24 82  <\/strong><a href=\"http:\/\/bvcdorl.cluster021.hosting.ovh.net\/?page_id=41\"><strong>ou ICI<\/strong><\/a><strong>.<\/strong><\/p>\n\n\n\n<p><strong>Les membres actifs font l\u2019association ! <\/strong><br>Les activit\u00e9s de Passerelles se construisent en fonction des propositions, des comp\u00e9tences et des moyens mis en commun par ses membres. Nous accueillons avec plaisir les personnes pr\u00eates \u00e0 mettre un peu de leur temps et de leur \u00e9nergie au service du projet commun !<\/p>\n","protected":false},"excerpt":{"rendered":"<p>L\u2019association entend : Informer et sensibiliser tous les publics, notamment lors d\u2019\u00e9v\u00e9nements culturels, conf\u00e9rences, caf\u00e9s info, ateliers d\u2019initiation, etc. Exp\u00e9rimenter, d\u00e9velopper et transmettre des approches et des outils de communication&#8230;<\/p>\n<div class=\"more-link-wrapper\"><a class=\"more-link\" href=\"http:\/\/passerellesdespossibles.org\/?page_id=21\">Lire la suite&#8230;<span class=\"screen-reader-text\">Quelles sont nos actions ?<\/span><\/a><\/div>\n","protected":false},"author":1,"featured_media":0,"parent":14,"menu_order":0,"comment_status":"closed","ping_status":"closed","template":"","meta":{"footnotes":""},"class_list":["post-21","page","type-page","status-publish","hentry","excerpt"],"_links":{"self":[{"href":"http:\/\/passerellesdespossibles.org\/index.php?rest_route=\/wp\/v2\/pages\/21","targetHints":{"allow":["GET"]}}],"collection":[{"href":"http:\/\/passerellesdespossibles.org\/index.php?rest_route=\/wp\/v2\/pages"}],"about":[{"href":"http:\/\/passerellesdespossibles.org\/index.php?rest_route=\/wp\/v2\/types\/page"}],"author":[{"embeddable":true,"href":"http:\/\/passerellesdespossibles.org\/index.php?rest_route=\/wp\/v2\/users\/1"}],"replies":[{"embeddable":true,"href":"http:\/\/passerellesdespossibles.org\/index.php?rest_route=%2Fwp%2Fv2%2Fcomments&post=21"}],"version-history":[{"count":13,"href":"http:\/\/passerellesdespossibles.org\/index.php?rest_route=\/wp\/v2\/pages\/21\/revisions"}],"predecessor-version":[{"id":170,"href":"http:\/\/passerellesdespossibles.org\/index.php?rest_route=\/wp\/v2\/pages\/21\/revisions\/170"}],"up":[{"embeddable":true,"href":"http:\/\/passerellesdespossibles.org\/index.php?rest_route=\/wp\/v2\/pages\/14"}],"wp:attachment":[{"href":"http:\/\/passerellesdespossibles.org\/index.php?rest_route=%2Fwp%2Fv2%2Fmedia&parent=21"}],"curies":[{"name":"wp","href":"https:\/\/api.w.org\/{rel}","templated":true}]}}